ate -72 + -83 + (4 - -66).
-85
What is (-1 + -30 - -11) + -7 - (-17 + 29 + -11)?
-28
Calculate 105 - 55 - (-26 + 73).
3
Calculate (20 - (14 + -5)) + -3 - -20.
28
What is 5 + 57 + -797 + 713?
-22
What is 9 + -6 - -32 - 3 - (-7 + (-2 - 0))?
41
What is the value of -19 + (2 - ((11 - (9 + -5)) + -3) - 2)?
-23
43 - (-32 + -3 - (44 - 87))
35
Calculate 36 - ((11 - (-8 - -12)) + 7).
22
-34 - 5 - (212 - 306)
55
What is the value of -14 + -2 + 23 - (-2 - (-5 - -5))?
9
What is 7219 + -7205 - (11 + 1 + 0 + 1)?
1
33 + 1 - (12 + (20 - 9 - (27 - 15)))
23
Evaluate (-14 + -3 - -9) + 4 + 3 + (-32 - -24).
-9
Calculate (4 - -21) + 288 + -290.
23
66 - (-5 - (-39 - -31))
63
Evaluate -13 + 0 - (-23 + (25 - (-11 - -14))).
-12
Calculate 7 + (-77 - (-30 + 62 + -44)).
-58
-13 - (-83 - (37 + -77))
30
What is the value of -12 + (-5 - -30) + -11 - 2 - (160 - 14)?
-146
(-67 - -88) + -56 - -9
-26
What is the value of -59 + (-3 - -10) + -14 + 24 + 2?
-40
What is the value of (-4 - (-31 + 5 + 5)) + (211 - 165)?
63
4 + -1 + (-54 + 81 - (22 - 3)) - 15
-4
25 + (0 + 16 - (-110 + 81 + 93))
-23
12 + 111 + 30 + -63 + 16
106
Calculate -10 + 4 - 2 - (-252 + 184).
60
Calculate (-192 - -178) + (-17 - 3) - 32.
-66
(-17 + 10 - -22) + -24 + -154 + 22
-141
2 - (12 - (20 - (-6 + 22)))
-6
(-22 - (-29 + -14 - -16)) + (-3 - -23)
25
Calculate 5 + -8 + 6 - ((-8 - -4) + 20) - -59.
46
What is -67 + (10 - 11) + (6 - (8 - (-6 + 6)))?
-70
128 - 99 - 24 - (-3 - -11)
-3
Calculate -7 + (-1 + -3 - 0 - -11) - -1.
1
Evaluate (-96 - (-157 - -50)) + (1 + -3 - -19) + 1.
29
Calculate 6 - 6 - (3 + -3 - 10 - -11).
-1
-34 - -2 - (28 + -102)
42
Evaluate -5 + (1 - 27) + 25 + 0.
-6
51 + (-9 - (-12 + 35 - -8))
11
What is the value of -6 - (0 - -1) - (5594 + -5612)?
11
-763 - -777 - (-5 + -48)
67
80 - 0 - (44 + -31) - (16 - 2)
53
Calculate -15 + (17 - ((-2 - -5) + (-55 - -63))).
-9
What is the value of (-2 - -20) + -79 + 86 + 2 + 1 - -9?
37
Evaluate -157 + 35 + (-126 - -135).
-113
What is the value of -88 - -143 - (-12 + 22 - (-2 + -6))?
37
Evaluate -11 - ((-16 - -17) + (-1 - (-1 - -9)) - -59).
-62
Evaluate -1 + -3 + 75 - (0 - -18 - 14).
67
What is the value of -3840 + 3826 - (-137 - -3)?
120
Evaluate 19 - ((-25 - (21 - -21)) + (-10 - -2)).
94
Evaluate -8 + -8 + 1 + (-115 - -127).
-3
Calculate 1 - ((0 - 10) + 3 + -47 + 7 + -10).
58
What is the value of -147 + 171 + -130 + -12?
-118
What is the value of (-97 - -47 - 49) + (-6 - -1 - -6)?
-98
Evaluate -94 - 1 - (3675 + -3850).
80
-16 - (-39 - -4) - (-22 + 52 - 7)
-4
-21 - (3 - (8 - -15)) - -15
14
What is the value of -1 + 28 + -1 + -30 + (1 - (-5 - 0))?
2
-5 + (28 - 12) + (-108 - (-5 + -1))
-91
Evaluate 21 + (22 - 181) + 100.
-38
What is the value of -2 - -2 - (38 - -2 - 0)?
-40
1 + (-24 - -28 - (-1 - 7)) + -3 - 56
-46
Calculate -3 - -2 - (-398 + 401) - -40.
36
What is (54 - 69 - -90) + 23?
98
147 - (9 + -124 - -240)
22
What is 631 + -631 - (4 - (1 - 0))?
-3
What is -22 - (87 + -179 + 16)?
54
What is the value of -99 - (-17 + (17 - (15 + 5 + -6)))?
-85
What is (-100 - (6 + -3)) + (-16 - -9) + 3?
-107
Calculate 63 + 25 + -36 + 31 + -49.
34
What is -55 + 21 + (-13 + -6 - (-3 + 20))?
-70
(-2 - 0) + ((34 - 78) + 125 - (17 - -1))
61
Evaluate 48 + (-26 + (-19 - -11) - -60).
74
(112 - -192) + -335 - (-137 + 1)
105
What is 45 + 13 + (-245 - -143)?
-44
Calculate (-73 + 377 - 110) + -116.
78
Evaluate -27 + (24 - (53 - 39)).
-17
Evaluate 25 + 1 + -33 + (-422 - -553).
124
What is -25 + -4 + 24 + 27 + -81?
-59
What is the value of (1 - 0) + -129 - (28540 - 28578)?
-90
What is (12 + 19 - 74 - -38) + (1 - -1) + -6?
-9
What is ((5 - 4) + -14 - -17) + 51 + 6?
61
Calculate -13 - -18 - 6 - (179 - 144).
-36
What is the value of 76 + 12 + -192 + -1?
-105
What is the value of -3 + (7 + 3 - 9 - 7) - 13?
-22
What is (76 - 1) + 7835 + -7892?
18
Calculate -78 + (15 - (18 - (-5 + 5 - -11))).
-70
Calculate (-1936 - -1883) + (2 - -80).
29
Calculate -21 - (-21 + (56 - 13)) - -12.
-31
(-9 - -1) + 8 + -55 + 3 + -5
-57
Evaluate -1 - -11 - (-1 + (-13 - -6) + 116 + -38).
-60
What is 0 + 0 + 24 - (33 + 53 + -97)?
35
Evaluate 27 + -12 - (30 + (3 - 3)).
-15
What is -7 + 12 + (3 - 44 - (19 - (13 - -5)))?
-37
What is the value of 12 + 4 - (-21 + -1 + 297 + -110)?
-149
Evaluate (-3 - 1) + 118 + -104 + -4.
6
What is (-1811 - -1765) + -3 + (3 - -109)?
63
Evaluate -36 + 163 + -24 + -5 + 16 + 1.
115
Calculate -136 + 234 - (48 - 29 - (-1 - 0)).
78
-4 + 76 + -62 + 5
15
What is the value of (-55 - 2) + 1 - ((117 - 49) + -81)?
-43
What is -86 + (-63 - -159) - -97?
107
Evaluate 75 - (-74 + 196) - 4.
-51
Evaluate (0 - -1) + (-17 + 2 - (-43 + -4)).
33
What is the value of 56 + (-79 - (-13 + -17))?
7
Calculate 38 + 11 + (-6 - -3) + 69 + -34 + -36.
45
Calculate 55 - 1 - 35 - (26 - -2).
-9
What is the value of (19 - (5 + 111)) + 40?
-57
133 - (11 - -17 - (26 + 20 + -20))
131
Evaluate 4 - (7 + 3 + (-1 - -6) + -6).
-5
Evaluate 35 - ((13 - (-7 + 15 + 8)) + (-3 - 1)).
42
Evaluate 17 + 18 + (17 - 0 - 31) + 4 + -2.
23
What is (-6 - 34) + (-330 - -388)?
18
What is 25 - ((9 - -2) + -2 - (716 + -714))?
18
Calculate -52 - (27 - -6 - 107).
22
-158 + 103 - 175 - -147
-83
Calculate 6 - (4 + -5 + 5 + -16 + -13).
31
Evaluate 52 + (49 - 3) + -48.
50
Calculate (14 - 42 - 7) + 58.
23
What is -1 + -1 - (55 + -72 + (-84 - -1))?
98
Calculate -6 + (-4 + 2 - 42) + 2.
-48
(21 + 0 - (-13 - -25)) + 9 + 3
21
Calculate (53 - 65) + (3 - -2) + 20 + -57.
-44
What is the value of 105 + (11 + 3 - 32 - (-25 + -6))?
118
What is the value of -9 - (-3 + (3 - 3)) - ((-54 - 3) + 48)?
3
What is the value of (70 - (-41 + 75)) + 18?
54
Calculate (-8 - (0 + -9)) + -20 + (2 - 3).
-20
Evaluate -52 + 0 + 38 + (23 - 56).
-47
Calculate -4 - -11 - 26 - (5 - 12).
-12
Calculate (1 - -1) + (-53 + 51 - (12 - 4)) - -7.
-1
1 + -14 - (-42 + (4 - -20) + -6)
11
Calculate (-137 - -100) + (21 - -5).
-11
Calculate 28 - (-11 + (44 - 16) + -21).
32
Evaluate 0 + 16 + 35 - (12 + -16 - (-1 - -9)).
63
Evaluate -81 - 12 - (436 - 479).
-50
What is -9 + (-98 - -89 - (-1 - 20)) - -76?
79
16 - (-70 - -68) - (16 + -5 + 3)
4
80 + 33 + -59 - 91
-37
What is the value of -11 - (-7 - (11 + -12 - 8 - -19))?
6
What is the value of -130 + (-75 + -18 - -177)?
-46
What is the value of (-25 - -11) + 0 + (4 - 17)?
-27
What is the value of 2831 + -2825 + 42 + 0 + 0?
48
What is the value of -42 + -9 + 4 + 2 + 7 - -4?
-34
(-1 - (-1 - -11)) + (56 - (42 + 43 + 13))
-53
Calculate (-16 - (-60 + 28 + 21)) + (-1 - 31).
-37
-19 + -27 + -16 + 78
16
Evaluate 26 + 1 + (3 - -13) + 1.
44
-35 + 49 + (14 + -11 - (19 - 1))
-1
What is the value of -10 - (125 - (-10 - ((-12 - 6) + 13 + 6)))?
-146
Calculate (-12 + -1 - (-5 - (10 - 7))) + (-80 - 19).
-104
Evaluate -4 - (12 - (35 + -13)).
6
Calculate 18 + 0 - (30 + 2 + 22 - -13).
-49
Evaluate -21595 + 21599 - (0 + (14 - -2) + 0 + -2).
-10
Calculate 77 + -44 - 2 - 17.
14
What is the value of -20 - (30 + -73 + 8)?
15
Calculate 7 + -8 + 21 - 0 - 11 - 60.
-51
(-10 - -6 - -66) + 42 + -62
42
Calculate 11 + 95 + -64 + -63.
-21
Evaluate -7 + 380 + -393 + (146 + 0 - 4).
122
Evaluate -103 + 13 + 100 - -54.
64
-4 + 57 + -19 + 9 - 17
26
What is -10 - (-10 + 19 + -4 + 0 + -7 - -1)?
-9
Calculate 5 - (-11 - (-22 - (20 - 5 - 137))).
116
Calculate (2 + 0 + 56 - (-1244 + 1245)) + 10.
67
What is -1 - 37 - (-6173 - -6081)?
54
What is the value of -7 - (-36 + (1 - -8 - (2 + -5)))?
17
Evaluate (-43 - 6) + (-145 - -75 - -50).
-69
What is 10 + 5 + -17 + 12 + -4 + 1?
7
Evaluate 23 + 0 + -15 + 3 + -20 - -37.
28
Calculate 2 + 71 + -2 + 7 + 16 + (42 - 62).
74
Evaluate 82 + 18 + -35 - -87.
152
What is (-47 - -1) + 62 + -15?
1
What is the value of 55 - (6 + (64 - -7))?
-22
(62 - 72) + (21 - -48)
59
Calculate -14 + (0 - -6 - (-43 + 6 + (17 - 5))).
17
Evaluate -62 + (15 + -44 - -31 - -4).
-56
What is the value of 26 + (-53 - -22) - (18 - (-3 - -5) - 4)?
-17
What is -36 + (-19 + 58 - 50)?
-47
-15 + 87 - (83 - 44)
33
What is the value of -4 + (2 - (17 - 23)) + 6?
10
Evaluate -3 + (-26 + -1 - (-129 + 108)) + (2 - -10).
3
Evaluate 122 + -93 - (-1 + 7 + 13).
10
Calculate -180 + 255 - (4 + 29).
42
Evaluate (-3 + 16 - 15) + 4 + (2 - 38).
-34
Calculate 1 - (-28 + ((-15 - 12) + 14 - -7)).
35
Calculate (256 - 230) + (-13 - 4) - (-3 + 17).
-5
Calculate (-47 - -35) + 17 + 24 + -7.
22
Evaluate 8 + (29 - 26 - (9 - -1)) + 